of (204/136)/((-68103)/17026 - -4)?
5
Let k(b) = b - 1. Let l be k(8). What is the hundreds digit of (l/22 + (-34)/(-187))*1406?
7
Suppose -2*t - 5*l - 1 = 18, 0 = 3*l + 15. Suppose -t*y + 804 = v, 3*v + 379 = 2*y - 157. What is the tens digit of y?
6
Let g(n) = 113*n**2 - 101*n + 1405. What is the units digit of g(22)?
5
Suppose n + 3*n - 22 = k, -4*k + 17 = 5*n. Suppose w + n = 2*w + 3*s, 3*w = -5*s + 15. What is the tens digit of ((-4)/w)/(5/(-1000))?
6
Suppose -192 = -4*p - 3*f + 192, -3*p + 5*f = -288. Let s = p - 97. What is the tens digit of ((-2)/(-4))/(s/(-482))?
4
Let v(b) = 451*b**2 - 5*b + 4. Let l = 232 - 231. What is the units digit of v(l)?
0
Let p(f) = -f**2 + 6*f - 2. Let v be p(6). What is the hundreds digit of (-249084)/(-189) - v/21?
3
Suppose 3*s = v - 0*v - 22, 25 = 5*v + 2*s. Suppose -v*n - 8 + 29 = 0. Suppose n*x + 0*r - 201 = -3*r, 2*r = -4*x + 270. What is the units digit of x?
8
Let l be (0 + -1)*(-4)/1. Suppose z + l*z - 20 = 0. What is the units digit of (2/(-4))/(z/(-336))?
2
Let u(m) be the second derivative of -3*m**5/20 - m**4/4 - m**2 - 382*m. Suppose 3*a = 3*r + 12, 2*a = 3*r + 3*a + 8. What is the units digit of u(r)?
2
Let q be -5 - -9 - -5300 - -1. Suppose q = 6*c + 937. What is the units digit of c?
8
What is the units digit of ((-216)/126)/((-14)/314139*3)?
2
Let p(v) = -3*v - 3. Let y be p(-1). Let u be (2 - y)/(2 - 15/9). Suppose -130 = u*g - 448. What is the units digit of g?
3
Let j be 4/((-2)/1)*4/(-8). Let d be (j - 2)*((-6 - -4) + -1). What is the units digit of 614/d + ((-42)/9 - -4)?
4
Suppose 7*x = -194 - 247. Let g be 36/21*x/(-18). What is the tens digit of ((-15)/(-4))/(7/(224/g))?
2
Suppose -3*q - f = -50416, 84015 = 5*q + 12*f - 8*f. What is the tens digit of q?
0
Let n be (-4)/((-1 + -1)/(2/1)). Suppose -4 = 2*i - 5*u, 0*i + n*u = 4*i - 4. Suppose -i*l + 191 = -241. What is the tens digit of l?
4
Suppose p + 3*u - 23 = -5, -4*u = -16. Suppose 0 = c - p - 4. Suppose -7*n = -c*n + 207. What is the units digit of n?
9
Suppose 20*a = 15*a + 20. Let i(m) = -6*m - 4*m - a*m - 4*m - 27. What is the units digit of i(-5)?
3
Let r = -3172 + 42698. What is the hundreds digit of r?
5
Suppose 0 = -4*l - 4*x + 24521 + 3783, 0 = 2*l - 2*x - 14176. What is the units digit of l?
2
Suppose -5*s = 4*s - 18. Let g be ((-3)/s)/(17/(-1564)). Suppose -3*r = -g - 9. What is the tens digit of r?
4
Suppose 0 = 264*s - 53*s - 2229004. What is the thousands digit of s?
0
Let t be 2 - -1 - (-1 - (575 + 0)). Suppose -6*k + 3069 = t. What is the hundreds digit of k?
4
Suppose -24398 = -3*s - w, -5*s + 3092 = w - 37570. Suppose -2442 = -17*i + s. What is the units digit of i?
2
Let f(h) = -26*h**3 - 2*h + 1. Let d be f(1). Let u = d + 119. Let n = -49 + u. What is the units digit of n?
3
What is the units digit of -7 - 87/(-15) - (-148380)/25?
4
Let s(h) be the first derivative of h**4/4 - 7*h**3/3 + 3*h**2/2 - 11*h - 1316. Let y = 11 - 4. What is the units digit of s(y)?
0
Suppose 2*k - 5*k - n = -65, -3*n = -k + 25. Suppose -k*i = -28*i + 18. Suppose -i*u + 12 = 0, 5*x + 4*u - 44 = 37. What is the tens digit of x?
1
Suppose 28*d = -5*d + 455103. What is the hundreds digit of d?
7
Suppose -3950 = -3*n - 4*d, d - 6 = -2*d. Suppose n = 11*l + 7*l. What is the tens digit of l?
7
Let t = 19 + -20. Let l(s) = -79*s - 12 + 18 + 19*s - 64*s. What is the tens digit of l(t)?
3
Suppose -5*z = k - 1310, 2*z + k - 541 = 4*k. Suppose -19*i + 4*i = -45. Suppose z = 5*h - 4*w, -4*w = -i*h - 3*w + 162. What is the units digit of h?
5
Let l = -66 - -71. Let c(r) = -r**3 + 4*r**2 - 8*r. Let m(g) = g**3 - 5*g**2 + 8*g + 1. Let n(h) = -6*c(h) - 5*m(h). What is the units digit of n(l)?
5
What is the units digit of 30 - 23 - 5/((-5)/29144)?
1
Suppose -39*g + 100 = -19*g. Suppose -f + 7526 = 5*p, -p + 1544 - 44 = -g*f. What is the thousands digit of p?
1
Let q = 18 + -11. Suppose 3*i + 16*i - 152 = 0. Suppose -i*d = -q*d - 162. What is the units digit of d?
2
Suppose 0 = 3*d + 2*g - 84, 3*d = -d - 4*g + 112. What is the hundreds digit of (553/14*-1)/((-2)/d)?
5
Suppose -289*k = -296*k + 59990. What is the units digit of k?
0
Let b be 545 - (-3 - -4) - 0. Suppose 58 = -f + b. Suppose 0 = 2*w - 2, -5*w = -5*c + f + 74. What is the units digit of c?
3
Suppose 4*h + 2082 - 38144 = 2*g, 2*h - 2*g = 18034. What is the thousands digit of h?
9
Suppose 416*b - 328*b - 212*b + 3896576 = 0. What is the ten thousands digit of b?
3
Suppose -6*b = -5*b. Suppose b = w + 12*w - 637. What is the units digit of w?
9
Suppose 49*q - 606945 - 637988 = 532493. What is the ten thousands digit of q?
3
Let z(r) = 2*r**2 - 48*r - 43. Let l(k) = -k**2 + 24*k + 20. Let f(s) = 13*l(s) + 6*z(s). What is the units digit of f(16)?
0
Let c be (-12 + 12)/(2 + 0). Let t be (-4)/((-12)/9)*(c - -1). Suppose -t*s + 33 = -12. What is the units digit of s?
5
Suppose 6*q - 148 = -58. What is the tens digit of (3470/q)/((-12)/(-9) + -1)?
9
What is the units digit of 5164*2 + 10*(-10)/(-25)?
2
Suppose -24 = -23*u + 15*u. Suppose u*y - 54 = y. Suppose y*s = 25*s + 18. What is the units digit of s?
9
Let r = 8 + -18. Suppose 355*j - 366*j + 44 = 0. What is the hundreds digit of (83/j)/(r/(-80))?
1
Suppose 74*w = 68*w + 120. Suppose -3*b + 62 = 5*j, -3*j - 4*b = j - 48. Suppose -812 = j*a - w*a. What is the tens digit of a?
1
Let x(j) = 24*j**3 + 9*j**2 - 22*j + 3. What is the units digit of x(5)?
8
Suppose 4226 + 2166 = -17*i. Let z = -106 - i. What is the hundreds digit of z?
2
Suppose 385*w = 381*w + 15388. What is the tens digit of w?
4
Let s(c) = -35*c + 7. Let y be (10 + 2)*2/(-4). What is the hundreds digit of s(y)?
2
What is the units digit of -141 + 146 + (5/25 - (-51074)/5)?
0
Let c = 365 + -365. Let b(x) = x + 1089. What is the thousands digit of b(c)?
1
Suppose 0 = 32*r - 20*r - 62052. What is the thousands digit of r?
5
What is the units digit of (264/154)/(2/2345)?
0
Suppose 8*l - 63915 = -7*l. What is the tens digit of l?
6
Suppose 17*s + 13142 = 1888. What is the tens digit of s*((-1)/(-4))/((-2)/4)?
3
Let r = -171 + 917. Let t(a) = a - 527. Let y be t(0). Let k = r + y. What is the hundreds digit of k?
2
Suppose 2*g + 4 = f, 2*f + f = -g + 5. Suppose -3*a + 7 = -f. What is the hundreds digit of (-8504)/(-64) - a/(-24)?
1
Suppose -4*s = 3*d - 923, 0*s = -d + 3*s + 312. What is the units digit of (-1 - -4)*1 + d?
2
Suppose -5*b + 588 = -33*b. What is the hundreds digit of (2009/b)/(3/(-9)) + 1?
2
Let s = -667 + 1172. What is the tens digit of s + -1 + (-5)/(-1)?
0
Let m be (1 + 5)/2 + -64 + -7. Let q = 155 + m. Let k = q + -41. What is the tens digit of k?
4
Suppose 4*p - 862 = 3*p. Suppose 2*b - p = -100. What is the tens digit of b?
8
Let w = 200 + -202. What is the hundreds digit of (1 - w) + -9 + 223?
2
Let l be (12/(-10))/((-26)/(-12805)). Let x = l - -1126. What is the hundreds digit of x?
5
Let l(g) = -g**2 - 101*g + 129. What is the units digit of l(-15)?
9
Let f(l) be the second derivative of l**4/4 + l**3 + l**2/2 + 8*l. Let q be f(-2). What is the units digit of 309/(-8)*-2 - q/4?
7
Suppose 336 = 152*s - 148*s. What is the tens digit of ((-656)/(-6))/(s/126)?
6
Let z = 47361 + -11220. What is the tens digit of z?
4
Suppose 4314754 + 2189590 = 91*b + 220248. What is the units digit of b?
6
Suppose -6*y + 52 = -26. Suppose -9*q + 16 = -y*q. What is the tens digit of q*(-24)/(-1 - -4)?
3
Suppose -468 - 1980 = -h + w, -10 = 5*w. What is the units digit of h?
6
Let u(i) = -244*i + 33. Let c(s) = 734*s - 99. Let r(b) = -2*c(b) - 7*u(b). Let k be r(3). Suppose 4*o - k - 105 = 0. What is the hundreds digit of o?
1
Let d(k) = 72*k + 50. Suppose -4*j + 25 = 4*b - 3, 4*j = 3*b + 7. What is the units digit of d(j)?
8
Let d(u) = 5*u + 41. Let o(b) = -4*b - 41. Let t(x) = 7*d(x) + 6*o(x). What is the hundreds digit of t(18)?
2
Let u(f) = 10*f**2 - 7*f + 736. What is the thousands digit of u(25)?
6
What is the tens digit of 2*633*(-2096)/(-393)?
5
What is the thousands digit of (-6242890)/(-140) + 10/(-2*70)?
4
Let c(w) = 52*w + 204. What is the thousands digit of c(51)?
2
Let q = -29429 - -54806. What is the units digit of q?
7
Suppose 0 = -5*t + 3*m + 4633 + 13512, -2*m - 7262 = -2*t. What is the units digit of t?
6
Let n(z) = 124*z**2 + 309*z - 28. What is the units d